, 23, 421
List the prime factors of 6587184.
2, 3, 37, 3709
List the prime factors of 343980.
2, 3, 5, 7, 13
What are the prime factors of 8514522?
2, 3, 31, 15259
What are the prime factors of 3083?
3083
List the prime factors of 6606876.
2, 3, 401, 1373
List the prime factors of 33306.
2, 3, 7, 13, 61
List the prime factors of 1733374.
2, 839, 1033
What are the prime factors of 1721207?
59, 29173
What are the prime factors of 1315795?
5, 13, 31, 653
List the prime factors of 3609814.
2, 13, 17, 8167
What are the prime factors of 395999?
461, 859
What are the prime factors of 3457797?
3, 7, 23, 7159
List the prime factors of 12969328.
2, 810583
What are the prime factors of 3355828?
2, 7, 119851
List the prime factors of 473288.
2, 67, 883
What are the prime factors of 553266?
2, 3, 7, 4391
What are the prime factors of 230852?
2, 57713
List the prime factors of 1077563.
1077563
What are the prime factors of 18342871?
18342871
What are the prime factors of 27916324?
2, 863, 8087
What are the prime factors of 7386784?
2, 359, 643
List the prime factors of 392352.
2, 3, 61, 67
List the prime factors of 6471290.
2, 5, 7, 193, 479
List the prime factors of 1157313.
3, 385771
List the prime factors of 1805628.
2, 3, 11, 13679
What are the prime factors of 1177763?
1177763
List the prime factors of 12737749.
97, 131317
List the prime factors of 359745.
3, 5, 29, 827
List the prime factors of 2018678.
2, 43, 23473
List the prime factors of 131275.
5, 59, 89
List the prime factors of 12970907.
43, 301649
What are the prime factors of 710611?
11, 64601
What are the prime factors of 1968014?
2, 984007
What are the prime factors of 6548422?
2, 23, 142357
What are the prime factors of 837147?
3, 173, 1613
List the prime factors of 4146393.
3, 859, 1609
List the prime factors of 289533.
3, 103, 937
List the prime factors of 3854069.
127, 30347
What are the prime factors of 385135?
5, 17, 23, 197
List the prime factors of 200610.
2, 3, 5, 743
What are the prime factors of 1366323?
3, 7, 65063
What are the prime factors of 5145212?
2, 1286303
What are the prime factors of 491634?
2, 3, 11, 13, 191
List the prime factors of 301803.
3, 29, 3469
What are the prime factors of 13305964?
2, 7, 223, 2131
What are the prime factors of 301670?
2, 5, 97, 311
List the prime factors of 19322610.
2, 3, 5, 31, 79, 263
What are the prime factors of 8825795?
5, 11, 37, 4337
What are the prime factors of 1937906?
2, 41, 23633
What are the prime factors of 130714?
2, 65357
What are the prime factors of 29628?
2, 3, 823
What are the prime factors of 116823?
3, 7, 5563
What are the prime factors of 299116?
2, 74779
What are the prime factors of 1700999?
929, 1831
List the prime factors of 720213.
3, 13, 59, 313
What are the prime factors of 5588142?
2, 3, 7, 133051
List the prime factors of 11286718.
2, 367, 15377
What are the prime factors of 10041936?
2, 3, 131, 1597
List the prime factors of 5055015.
3, 5, 7, 31, 1553
What are the prime factors of 23818?
2, 11909
What are the prime factors of 5674?
2, 2837
List the prime factors of 935627.
7, 11, 29, 419
What are the prime factors of 11348582?
2, 7, 743, 1091
List the prime factors of 5263394.
2, 577, 4561
List the prime factors of 134322.
2, 3, 61, 367
What are the prime factors of 1494114?
2, 3, 227, 1097
List the prime factors of 15377568.
2, 3, 160183
List the prime factors of 58023.
3, 7, 307
List the prime factors of 11423608.
2, 7, 137, 1489
List the prime factors of 1449325.
5, 57973
What are the prime factors of 401960?
2, 5, 13, 773
What are the prime factors of 837673?
837673
List the prime factors of 6244440.
2, 3, 5, 17, 3061
List the prime factors of 23096089.
787, 29347
List the prime factors of 1491906.
2, 3, 13, 31, 617
List the prime factors of 76888.
2, 7, 1373
List the prime factors of 437110.
2, 5, 43711
What are the prime factors of 869298?
2, 3, 144883
List the prime factors of 4585730.
2, 5, 458573
List the prime factors of 519344.
2, 7, 4637
List the prime factors of 287437.
287437
List the prime factors of 226457.
7, 11, 17, 173
List the prime factors of 1011409.
7, 20641
List the prime factors of 1282473.
3, 71, 223
What are the prime factors of 141753?
3, 47251
What are the prime factors of 91571?
91571
List the prime factors of 2964774.
2, 3, 494129
List the prime factors of 119754.
2, 3, 6653
What are the prime factors of 1121326?
2, 47, 79, 151
What are the prime factors of 3910075?
5, 13, 53, 227
List the prime factors of 3678102.
2, 3, 68113
What are the prime factors of 112176?
2, 3, 19, 41
What are the prime factors of 1219664?
2, 31, 2459
List the prime factors of 1701199.
1701199
List the prime factors of 587313.
3, 65257
What are the prime factors of 1229329?
1229329
List the prime factors of 3304094.
2, 1652047
List the prime factors of 31230788.
2, 7807697
List the prime factors of 9964238.
2, 4982119
What are the prime factors of 1139951?
1139951
List the prime factors of 259326.
2, 3, 14407
What are the prime factors of 594950?
2, 5, 73, 163
What are the prime factors of 340476?
2, 3, 17, 1669
What are the prime factors of 5349153?
3, 1783051
What are the prime factors of 57312?
2, 3, 199
What are the prime factors of 118612?
2, 13, 2281
What are the prime factors of 18819572?
2, 4704893
List the prime factors of 223531.
7, 11, 2903
List the prime factors of 670328.
2, 83791
What are the prime factors of 18789992?
2, 13, 79, 2287
What are the prime factors of 8012177?
149, 53773
List the prime factors of 435907.
435907
What are the prime factors of 2718266?
2, 17, 31, 2579
What are the prime factors of 688606?
2, 139, 2477
What are the prime factors of 2052412?
2, 513103
List the prime factors of 1417195.
5, 13, 21803
What are the prime factors of 259339?
259339
List the prime factors of 775569.
3, 419, 617
List the prime factors of 3169620.
2, 3, 5, 17609
What are the prime factors of 517189?
517189
List the prime factors of 173438.
2, 86719
List the prime factors of 383672.
2, 199, 241
List the prime factors of 431555.
5, 86311
What are the prime factors of 262473?
3, 87491
What are the prime factors of 418497?
3, 199, 701
What are the prime factors of 92829?
3, 11, 29, 97
What are the prime factors of 567199?
257, 2207
List the prime factors of 2232.
2, 3, 31
List the prime factors of 279607.
279607
List the prime factors of 112119.
3, 7, 19, 281
List the prime factors of 2422527.
3, 807509
List the prime factors of 789720.
2, 3, 5, 6581
List the prime factors of 1287086.
2, 157, 4099
List the prime factors of 123723.
3, 59, 233
What are the prime factors of 3079986?
2, 3, 7, 13, 5641
What are the prime factors of 6131560?
2, 5, 17, 71, 127
List the prime factors of 41004.
2, 3, 17, 67
List the prime factors of 1012415.
5, 19, 10657
What are the prime factors of 863851?
863851
What are the prime factors of 338761?
338761
What are the prime factors of 973938?
2, 3, 7, 23189
What are the prime factors of 121652?
2, 17, 1789
List the prime factors of 358986.
2, 3, 19, 47, 67
What are the prime factors of 407647?
167, 2441
List the prime factors of 11645635.
5, 1129, 2063
What are the prime factors of 528633?
3, 7, 2797
List the prime factors of 5875732.
2, 1468933
What are the prime factors of 200444?
2, 50111
List the prime factors of 9729588.
2, 3, 11, 73709
What are the prime factors of 1046037?
3, 431, 809
List the prime factors of 1184630.
2, 5, 118463
List the prime factors of 18722192.
2, 1170137
List the prime factors of 1333506.
2, 3, 109, 2039
List the prime factors of 8094871.
107, 75653
What are the prime factors of 1506928?
2, 19, 4957
List the prime factors of 950136.
2, 3, 11, 59, 61
List the prime factors of 1980690.
2, 3, 5, 103, 641
List the prime factors of 520289.
7, 11, 29, 233
What are the prime factors of 478101?
3, 13, 23, 41
List the prime factors of 16239203.
16239203
What are the prime factors of 6318184?
2, 19, 197, 211
What are the prime factors of 2521682?
2, 1260841
What are the prime factors of 466531?
13, 17, 2111
What are the prime factors of 44609?
31, 1439
What are the prime factors of 1301694?
2, 3, 29, 7481
What are the prime factors of 17057033?
7, 2436719
What are the prime factors of 180594?
2, 3, 79, 127
List the prime factors of 175982